2
Let k(y) = y**3 + 8*y**2 + 9*y - 8. Calculate k(-7).
-22
Let c(h) = h**2 - 3*h - 8. Give c(4).
-4
Let d(f) = 2*f**2 + 10*f - 12. What is d(-6)?
0
Let b(r) = r**3 + 24*r**2 + 43*r - 26. Calculate b(-22).
-4
Let k(a) = a**2 + 4*a + 4. What is k(-5)?
9
Let b(w) = 3*w**2 + 44*w + 52. Calculate b(-13).
-13
Let p(u) = -2*u + 31. Calculate p(12).
7
Let g(y) = y**3 - 76*y**2 + 68*y + 515. Determine g(75).
-10
Let w(c) = 32*c + 28. Determine w(-1).
-4
Let k(y) = y + 7. What is k(10)?
17
Let l(o) = -2*o + 39. Determine l(20).
-1
Let c(j) = j**3 - 18*j**2 + 17*j + 15. Give c(17).
15
Let v(s) = -s**3 - 7*s**2 - 6*s - 22. Calculate v(-4).
-46
Let k(i) = 37*i**3 + i - 1. Give k(1).
37
Let c(t) = t**3 - 16*t**2 + 14*t + 4. Determine c(15).
-11
Let y(g) = g**3 + 10*g**2 + 1. Give y(-10).
1
Let w(q) = -q + 24. Determine w(-6).
30
Let b(y) = 2*y**3 + 5*y**2 - 5*y - 3. Determine b(-3).
3
Let k(u) = -3*u**3 + u**2 + 3*u + 2. Determine k(-2).
24
Let r(x) = -x**2 + 13*x - 11. Calculate r(2).
11
Let s(b) = -19*b - 775. Give s(-41).
4
Let z(f) = -3*f**3 + f**2 + f + 1. Give z(2).
-17
Let k(t) = -t - 52. What is k(-14)?
-38
Let a(h) = 29*h + 281. What is a(-10)?
-9
Let j(f) = -4*f - 3. Give j(1).
-7
Let j(k) = -7*k + 1. Determine j(-1).
8
Let l(u) = -13*u**2 + 4. Give l(-2).
-48
Let n(k) = k + 3. What is n(-4)?
-1
Let k(f) = f**3 - 26*f**2 + 24*f - 13. What is k(25)?
-38
Let t(g) = -g + 21. Calculate t(13).
8
Let j(z) = z**3 - 4*z**2 + 3*z + 4. Calculate j(3).
4
Let y(m) = -m**3 + 4*m**2 + 12*m. Calculate y(6).
0
Let l(u) = u**3 - 6*u**2 - 4*u - 17. Calculate l(7).
4
Let t(b) = 11*b + 55. What is t(-7)?
-22
Let b(o) = -74*o - 273. Calculate b(-4).
23
Let h(u) = u**3 + 3*u + 9. What is h(-2)?
-5
Let j(x) = -4*x + 11. Give j(-1).
15
Let d(p) = p**2 + 2*p - 8. What is d(0)?
-8
Let f(k) = -k**3 + 15*k**2 + 15*k + 13. Determine f(16).
-3
Let c(f) = -3*f**2 + 16*f + 31. Give c(7).
-4
Let o(t) = 2*t + 13. Give o(-17).
-21
Let d(g) = -g**3 - g**2 + 3*g + 16. What is d(0)?
16
Let k(m) = 6*m + 10. Calculate k(-8).
-38
Let w(d) = -d**3 - 27*d**2 - 5*d. Calculate w(-27).
135
Let i(j) = -14*j - 20. Give i(-10).
120
Let k(p) = p**3 + p**2 - 9*p - 2. Give k(-4).
-14
Let l(z) = -z**3 - 6*z**2 + 11. Determine l(-5).
-14
Let w(u) = -u**2 - 8*u - 10. Give w(-4).
6
Let o(q) = -q**2 - 12*q - 10. Determine o(-11).
1
Let b(p) = p**3 - p**2 - 4*p - 2. Determine b(0).
-2
Let h(b) = 61*b**2 - 427*b + 5. What is h(7)?
5
Let w(j) = -89*j**2 - j + 1. Give w(1).
-89
Let l(n) = 13*n + 5. Determine l(-1).
-8
Let f(n) = -n**3 + 2*n**2 - 4*n + 18. What is f(3)?
-3
Let z(v) = -v**3 + 3*v**2 - 2*v - 1. Give z(3).
-7
Let h(w) = -w**3 - 12*w**2 + 31*w - 214. Determine h(-15).
-4
Let r(z) = 5*z**2 + 55*z + 8. Calculate r(-11).
8
Let c(v) = -2*v**2 - 8*v + 5. Give c(-4).
5
Let s(h) = 8*h - 419. What is s(52)?
-3
Let a(s) = -s + 20. Calculate a(12).
8
Let j(s) = 71*s - 1005. Determine j(14).
-11
Let q(p) = p**3 - 8*p**2 + 5*p - 36. Determine q(8).
4
Let m(j) = 22*j**2 - 8*j + 12. Calculate m(2).
84
Let c(n) = -n**3 + 11*n**2 - 5*n + 14. Determine c(11).
-41
Let f(n) = -n**2 - 3*n - 7. Determine f(-5).
-17
Let t(k) = 4*k - 41. What is t(9)?
-5
Let c(r) = r**3 + 35*r**2 + 96*r - 14. Calculate c(-32).
-14
Let o(q) = -18*q + 39. Calculate o(2).
3
Let u(g) = g**2 - g - 2. What is u(-2)?
4
Let u(s) = 21*s**3 - 2*s + 1. Calculate u(1).
20
Let x(w) = -2*w**3 - 9*w**2 + 2*w - 2. What is x(-5)?
13
Let l(p) = p**3 - 5*p**2 + 6. Determine l(5).
6
Let i(t) = 17*t + 621. What is i(-37)?
-8
Let w(m) = m - 1. What is w(4)?
3
Let z(p) = -3*p + 66. Give z(27).
-15
Let p(w) = w**2 + 21*w - 1. Calculate p(-14).
-99
Let s(i) = i**2 - 6*i - 13. Give s(9).
14
Let z(g) = -g - 6. Calculate z(-19).
13
Let d(c) = -c**2 - 37*c - 79. Calculate d(-35).
-9
Let v(z) = -55*z - 4. Give v(0).
-4
Let u(l) = -2*l**2 + 75*l - 59. Calculate u(37).
-22
Let x(j) = 7*j + 2. What is x(-3)?
-19
Let z(p) = -3*p**2 + 26*p - 50. Determine z(5).
5
Let p(c) = c**3 - 13*c**2 - 14*c + 17. Give p(14).
17
Let x(m) = m**3 - 3*m**2 - 7*m + 10. What is x(4)?
-2
Let a(s) = s**2 + 14*s + 4. Give a(-13).
-9
Let j(b) = b**3 - 4*b**2 - 4*b. Calculate j(0).
0
Let f(u) = u**3 + 46*u**2 - 45*u + 94. Give f(-47).
0
Let l(j) = -2*j - 1. Determine l(2).
-5
Let s(w) = -w**3 - 6*w**2 + 4*w - 13. Determine s(-7).
8
Let h(w) = 8*w + 52. Determine h(-6).
4
Let h(r) = -21*r**3 - 2*r + 1. Calculate h(1).
-22
Let c(d) = d**2 + 5*d + 5. Calculate c(0).
5
Let f(c) = -c**3 + 4*c**2 - 4*c + 1. What is f(3)?
-2
Let v(q) = 73*q**2 + 5*q + 1. Give v(-1).
69
Let q(p) = -p**3 + 9*p**2 + 8*p + 19. Determine q(10).
-1
Let q(i) = 8*i + 8. Give q(-3).
-16
Let h(k) = -31*k - 156. What is h(-5)?
-1
Let p(u) = u - 10. What is p(0)?
-10
Let j(c) = 2*c**2 - c - 4. Give j(-2).
6
Let g(d) = -d**2 - 9*d + 14. Calculate g(-10).
4
Let r(l) = l**2 - 25*l + 109. Calculate r(18).
-17
Let c(i) = -i**2 + i + 17. Give c(-13).
-165
Let o(l) = 8*l - 13. What is o(5)?
27
Let a(j) = -2*j. What is a(3)?
-6
Let k(v) = v**3 - 6*v**2 - 11*v + 9. What is k(6)?
-57
Let k(g) = -g**3 + 9*g**2 + 13*g - 7. What is k(10)?
23
Let l(o) = o + 2. What is l(-2)?
0
Let a(r) = -3*r**3 + 62*r**2 + 24*r - 4. What is a(21)?
59
Let w(r) = r**2 - 2*r - 3. Calculate w(6).
21
Let p(d) = d**3 + 10*d**2 + 12*d - 9. Give p(-9).
-36
Let p(z) = z**3 + 9*z**2 - 13*z - 11. What is p(-10)?
19
Let p(l) = -l**3 + 6*l**2 - 7*l + 7. Give p(2).
9
Let l(d) = 44*d + 23. Give l(-1).
-21
Let l(c) = -c**3 + 3*c**2 + 3*c + 4. Give l(5).
-31
Let s(c) = -c**2 + 5*c - 5. Calculate s(6).
-11
Let c(n) = -n**3 - n**2. What is c(-2)?
4
Let c(z) = -4*z**2 - 16*z - 1. Give c(-4).
-1
Let m(j) = j**3 - 14*j**2 + 27*j + 70. What is m(11)?
4
Let q(f) = 6*f - 1. Determine q(1).
5
Let v(h) = h**3 + 4*h**2 - 9*h - 16. Calculate v(-5).
4
Let j(b) = -35*b - 637. Determine j(-18).
-7
Let t(v) = 7*v + 5. Give t(-3).
-16
Let q(d) = 2*d**3 - 10*d**2 + 5*d + 4. Calculate q(4).
-8
Let t(i) = i**2 + 12*i - 35. Determine t(-15).
10
Let k(p) = p**3 + p**2 - 4*p - 3. Determine k(-2).
1
Let v(p) = 7*p - 101. Calculate v(15).
4
Let f(r) = r + 5. Determine f(-1).
4
Let j(d) = -d**3 + 4*d**2 - 11*d + 27. Give j(3).
3
Let a(u) = 82*u**3 - u**2 + u + 1. Determine a(1).
83
Let x(t) = -t**3 + 5*t**2 + 5*t - 2. Calculate x(6).
-8
Let o(p) = -4*p**2 + 2*p - 1. Calculate o(1).
-3
Let b(o) = o**3 - 11*o**2 + 18*o + 11. Calculate b(6).
-61
Let d(h) = -6*h + 6. Determine d(-5).
36
Let q(x) = -x**3 + 13*x**2 + 16*x - 28. What is q(14)?
0
Let j(s) = -s**2 - 6*s + 4. What is j(-9)?
-23
Let m(b) = b - 5. Determine m(4).
-1
Let f(r) = -r**2 + 6*r + 79. Calculate f(-6).
7
Let s(c) = -c**3 - 9*c**2 + 4*c - 5. Give s(-9).
-41
Let p(i) = i + 10. Give p(-12).
-2
Let x(u) = -54*u**2 - u - 2. What is x(-1)?
-55
Let l(r) = -4*r - 40. Calculate l(-7).
-12
Let q(i) = -i**2 - 14*i - 17. What is q(-12)?
7
Let b(t) = -t**3 + t**2 - 33. Determine b(0).
-33
Let l(w) = -4*w - 34. Determine l(-7).
-6
Let l(u) = 2*u - 42. Give l(19).
-4
Let y(d) = 32*d - 21. What is y(2)?
43
Let s(r) = -2*r**3 + 12*r**2 - 5*r + 8. Determine s(6).
-22
Let t(r) = -11*r + 1. Calculate t(5).
-54
Let v(b) = b**3 + 13*b**2 + 5*b + 9. Give v(-13).
-56
Let o(y) = -41*y + 15. Give o(2).
-67
Let t(l) = 26*l**2 - 4*l - 8. What is t(-2)?
104
Let u(o) = o**3 - 2*o**2 + 4. Give u(3).
13
Let n(o) = -25*o - 166. Determine n(-6).
-16
Let b(h) = -h + 23. Give b(23).
0
Let o(v) = -5*v + 38. Calculate o(9).
-7
Let s(c) = c**2 + 21*c + 18. Determine s(-19).
-20
Let n(m) = m**2 + 20*m - 15. Determine n(-21).
6
Let j(s) = -s**3 + 17*s**2 - 9*s - 19. What is j(16)?
93
Let t(h) = h**3 - 25*h**2 + 74*h - 179. Determine t(22).
-3
Let r(o) = o**2 - 8*o + 19. What is r(3)?
4
Let r(k) = -k - 1. Give r(5).
-6
Let f(q) = -q**3 + 14*q**2 - 11*q + 9. Give f(13).
35
Let f(p) = p**3 + 32*p**2 + 58*p - 54. Determine f(-30).
6
Let b(g) = g**3 + 3*g**2 - 9*g + 3. What is b(-4)?
23
Let w(p) = 4*p**3 + 29*p**2 + 30*p + 170. Determine w(-7).
9
Let k(d) = d**2 + d + 4. Determine k(2).
10
Let f(w) = w**3 - 24*w**2 + 2*w - 59. What is f(24)?
-11
Let r(f) = -2*f**3 - 4*f**2 - 2*f + 2. What is r(-3)?
26
Let n(g) = 19*g**2 + 3*g - 3. Give n(1).
19
Let o(t) = -33*t + 66. What is o(2)?
0
Let d(x) = -4*x. Give d(5).
-20
Let b(p) = p**3 - p**2 + 14. Calculate b(0).
14
Let p(k) = -k